{"id":103,"date":"2013-05-16T10:32:00","date_gmt":"2013-05-16T09:32:00","guid":{"rendered":"http:\/\/www.compagniedumidi.fr\/?page_id=103"},"modified":"2025-10-02T06:29:28","modified_gmt":"2025-10-02T05:29:28","slug":"cours-hebdomadairescours-hebdomadairechellescours-enfantscours-enfantcours-preadoscours-preadoscours-adoscours-adultes","status":"publish","type":"page","link":"https:\/\/www.compagniedumidi.fr\/?page_id=103","title":{"rendered":"Cours Hebdomadaires \u00e0 Chelles"},"content":{"rendered":"<p style=\"text-align: justify;\">La Compagnie du Midi entre en r\u00e9sidence dans la ville de Chelles en 2003 pour y animer des cours hebdomadaires de th\u00e9\u00e2tre \u00e0 destination des enfants, des ados et des adultes. Au fil des ann\u00e9es, un cours pour les pr\u00e9-ados s&rsquo;ouvre, ainsi qu&rsquo;un cours pour adultes avanc\u00e9s.<\/p>\n<h1 style=\"text-align: center;\"><strong>COURS ENFANTS, PRE-ADOS ET ADOS<\/strong><\/h1>\n<p style=\"text-align: justify;\"><strong>Objectif g\u00e9n\u00e9ral :<\/strong><\/p>\n<p style=\"text-align: justify;\">Former la personnalit\u00e9 et entra\u00eener \u00e0 la communication, \u00e0 l&rsquo;expression c\u2019est-\u00e0-dire \u00e0 diff\u00e9rentes formes de langages : geste, parole, voix, rythme, mouvement, espace, expression artistique.<\/p>\n<p style=\"text-align: justify;\">La repr\u00e9sentation constitue l&rsquo;objectif terminal.<\/p>\n<p style=\"text-align: justify;\">Comp\u00e9tences:<\/p>\n<p style=\"text-align: justify;\">\u00c9couter : l&rsquo;enfant saura faire silence en lui, autour de lui, apprendra \u00e0 se concentrer.<br \/>Oser : l\u2019enfant cr\u00e9era dans un climat de confiance : confiance en lui, confiance aux autres.<br \/>Imaginer : l&rsquo;enfant se placera dans des situations extraordinaires, inventera.<br \/>Vivre avec les autres : l&rsquo;enfant s&rsquo;exprimera dans le respect et avec plaisir.<br \/>Regarder l&rsquo;autre : l&rsquo;enfant sera spectateur, regardera, \u00e9coutera.<br \/>Appr\u00e9hender l&rsquo;environnement : l&rsquo;enfant utilisera un espace diff\u00e9rent de celui du quotidien.<\/p>\n<p style=\"text-align: justify;\">D\u00e9roulement \/ Programme de l&rsquo;ann\u00e9e :<\/p>\n<p style=\"text-align: justify;\">1 \u00e8re \u00e9tape : d\u00e9couvrir l&rsquo;espace<br \/>A &#8211; d\u00e9finir l&rsquo;espace sc\u00e9nique .<br \/>B &#8211; occuper collectivement la sc\u00e8ne<br \/>C &#8211; occuper individuellement l&rsquo;espace<br \/>D &#8211; donner une orientation \u00e0 l&rsquo;espace<br \/>2 \u00e8me \u00e9tape : jouer, oser, imaginer &#8211; Travailler sa respiration et sa voix<br \/>3 \u00e8me \u00e9tape : adapter une histoire, la r\u00e9\u00e9crire<br \/>4 \u00e8me \u00e9tape : interpr\u00e9ter<br \/>5 \u00e8me \u00e9tape : jouer son r\u00f4le sur sc\u00e8ne devant des spectateurs diff\u00e9rents<\/p>\n<p style=\"text-align: justify;\">Volume horaire et adaptation du programme selon les groupes :<\/p>\n<p style=\"text-align: justify;\">Selon les groupes, leur exp\u00e9rience, nous adapterons ce programme.<\/p>\n<h1 style=\"text-align: justify;\"><strong>Enfants :<\/strong><\/h1>\n<p style=\"text-align: justify;\">1h de cours par semaine o\u00f9 les \u00e9l\u00e8ves appr\u00e9hendent ces nouveaux codes de jeux, la posture sc\u00e9nique et le plateau. Ils sont en totale d\u00e9couverte.<\/p>\n<h2 style=\"text-align: justify;\"><strong>2 cours sont propos\u00e9s : les mercredis de 16h \u00e0 17h ou les lundis de 17h30 \u00e0 18h30.<\/strong><\/h2>\n<h1>\u00a0<strong>Pr\u00e9-ados :<\/strong><\/h1>\n<p style=\"text-align: justify;\">2h de cours pas semaine, ils confirment pour la plupart leurs aptitudes sur le plateau, improvisations, tableaux vivants, et exercices entre septembre et d\u00e9cembre pr\u00e9parent \u00e0 la d\u00e9couverte du texte de la pi\u00e8ce de fin d&rsquo;ann\u00e9e et \u00e0 l\u2019exigence du texte.<\/p>\n<h2 style=\"text-align: justify;\"><strong>Les cours auront lieu les mercredis de 13h45 \u00e0 15h45.<\/strong><\/h2>\n<h2 style=\"text-align: justify;\">\u00a0<\/h2>\n<h1 style=\"text-align: center;\"><strong>COURS ADULTES<\/strong><\/h1>\n<p style=\"text-align: justify;\">\u00a0Ces ateliers sont ouverts \u00e0 toutes les personnes d\u00e9sireuses de commencer ou de continuer une activit\u00e9 th\u00e9\u00e2trale dans un cadre chaleureux mais exigeant.<\/p>\n<h2 style=\"text-align: justify;\"><strong>Les cours adultes se d\u00e9roulent<\/strong> dans la salle ALBERT CAILLOU\u00a0(hors vacances scolaires)<\/h2>\n<h2 style=\"text-align: justify;\"><strong>&#8211; Les lundis de 19h \u00e0 21h<\/strong><\/h2>\n<h2 style=\"text-align: justify;\"><strong> &#8211; Les lundis de 21h \u00e0 23h<\/strong><\/h2>\n<p>Chaque ann\u00e9e, un th\u00e8me diff\u00e9rent est abord\u00e9 (La trag\u00e9die classique, le Vaudeville, Brecht, le th\u00e9\u00e2tre contemporain, les grandes sc\u00e8nes d\u2019amour du th\u00e9\u00e2tre fran\u00e7ais, e cin\u00e9ma de la nouvelle vague, Shakespeare, Hugo, Moli\u00e8re, les grandes sc\u00e8nes de com\u00e9dies modernes&#8230;)<\/p>\n<h2 style=\"text-align: justify;\"><strong>RENSEIGNEMENTS :<\/strong><\/h2>\n<ul>\n<li><span style=\"font-size: large;\"><b>Quentin, 07 70 90 05 93<\/b><\/span><\/li>\n<\/ul>\n<p>&nbsp;<\/p>\n<h2 style=\"text-align: justify;\"><strong>TARIFS et INSCRIPTION :<\/strong><\/h2>\n<p>210 euros par an pour les enfants.\u00a0<\/p>\n<p>300 euros par an pour les pr\u00e9-ados et les ados<\/p>\n<p>Inscriptions : coursdetheatrechelles@gmail.com<\/p>\n<h3>\u00a0<\/h3>\n<h2><strong style=\"font-size: 1.8em; line-height: 1.5em; text-align: justify;\">DEROULEMENT DES ATELIERS :<\/strong><\/h2>\n<p style=\"text-align: justify;\">1er trimestre : En fonction du niveau des participants, le premier trimestre est consacr\u00e9 au travail des principales techniques th\u00e9\u00e2trales :<br \/>&#8211; Travail de la respiration et de la voix<br \/>&#8211; Exercices permettant une meilleure ma\u00eetrise du corps sur sc\u00e8ne<br \/>&#8211; Improvisations<br \/>&#8211; Travail du rythme et de l\u2019\u00e9coute<br \/>&#8211; Premi\u00e8res approches du texte<br \/>2\u00e8me et 3\u00e8me trimestre : Travail des sc\u00e8nes en vue du spectacle du mois de juin. Les r\u00f4les et personnages sont distribu\u00e9s en fonction de la nature et des envies de chaque participant, de fa\u00e7on \u00e0 ce que chacun puisse s\u2019\u00e9panouir sur sc\u00e8ne.<\/p>\n<h2 style=\"text-align: justify;\"><strong>TARIFS et INSCRIPTION :<\/strong><\/h2>\n<p style=\"text-align: justify;\">300 euros par an, payables en 3 ch\u00e8ques de 100 euros.<br \/>Inscription : Voir dans l\u2019onglet \u00ab contacts \u00bb de ce site.<\/p>\n<h2 style=\"text-align: justify;\"><strong><a href=\"http:\/\/localhost\/pdf\/recto_tract_chelles.pdf\">\u00a0<\/a><\/strong><\/h2>\n<h2><strong>Pour voir des photos des repr\u00e9sentations de fin d&rsquo;ann\u00e9e des ateliers : <a title=\"photos cours hebdomadaires \u00e0 Chelles\" href=\"http:\/\/www.compagniedumidi.fr\/?page_id=502\">cliquer ici<\/a><\/strong><\/h2>\n<h2>\u00a0<\/h2>\n<h2>\u00a0<\/h2>\n\n\n<p><\/p>\n","protected":false},"excerpt":{"rendered":"<p>La Compagnie du Midi entre en r\u00e9sidence dans la ville de Chelles en 2003 pour y animer des cours hebdomadaires de th\u00e9\u00e2tre \u00e0 destination des enfants, des ados et des adultes. Au fil des ann\u00e9es, un cours pour les pr\u00e9-ados &hellip; <a href=\"https:\/\/www.compagniedumidi.fr\/?page_id=103\">Continuer la lecture <span class=\"meta-nav\">&rarr;<\/span><\/a><\/p>\n","protected":false},"author":1,"featured_media":524,"parent":100,"menu_order":1,"comment_status":"closed","ping_status":"closed","template":"","meta":{"footnotes":""},"class_list":["post-103","page","type-page","status-publish","has-post-thumbnail","hentry"],"_links":{"self":[{"href":"https:\/\/www.compagniedumidi.fr\/index.php?rest_route=\/wp\/v2\/pages\/103","targetHints":{"allow":["GET"]}}],"collection":[{"href":"https:\/\/www.compagniedumidi.fr\/index.php?rest_route=\/wp\/v2\/pages"}],"about":[{"href":"https:\/\/www.compagniedumidi.fr\/index.php?rest_route=\/wp\/v2\/types\/page"}],"author":[{"embeddable":true,"href":"https:\/\/www.compagniedumidi.fr\/index.php?rest_route=\/wp\/v2\/users\/1"}],"replies":[{"embeddable":true,"href":"https:\/\/www.compagniedumidi.fr\/index.php?rest_route=%2Fwp%2Fv2%2Fcomments&post=103"}],"version-history":[{"count":27,"href":"https:\/\/www.compagniedumidi.fr\/index.php?rest_route=\/wp\/v2\/pages\/103\/revisions"}],"predecessor-version":[{"id":2314,"href":"https:\/\/www.compagniedumidi.fr\/index.php?rest_route=\/wp\/v2\/pages\/103\/revisions\/2314"}],"up":[{"embeddable":true,"href":"https:\/\/www.compagniedumidi.fr\/index.php?rest_route=\/wp\/v2\/pages\/100"}],"wp:featuredmedia":[{"embeddable":true,"href":"https:\/\/www.compagniedumidi.fr\/index.php?rest_route=\/wp\/v2\/media\/524"}],"wp:attachment":[{"href":"https:\/\/www.compagniedumidi.fr\/index.php?rest_route=%2Fwp%2Fv2%2Fmedia&parent=103"}],"curies":[{"name":"wp","href":"https:\/\/api.w.org\/{rel}","templated":true}]}}