{"id":105,"date":"2013-05-16T10:32:28","date_gmt":"2013-05-16T09:32:28","guid":{"rendered":"http:\/\/www.compagniedumidi.fr\/?page_id=105"},"modified":"2014-02-11T14:10:08","modified_gmt":"2014-02-11T13:10:08","slug":"ateliers-ponctuels","status":"publish","type":"page","link":"https:\/\/www.compagniedumidi.fr\/?page_id=105","title":{"rendered":"Ateliers Ponctuels"},"content":{"rendered":"<p style=\"text-align: justify;\">Parall\u00e8lement \u00e0 son activit\u00e9 artistique, la compagnie du Midi\u00a0 d\u00e9veloppe une forte activit\u00e9 p\u00e9dagogique, en cr\u00e9ant des stages professionnels de formation de l\u2019acteur, ainsi que des ateliers ponctuels \u00e0 destination des enfants et adolescents,\u00a0 et d\u2019autres \u00e0 destination des \u00e9tudiants de la\u00a0 langue fran\u00e7aise.<\/p>\n<h2 style=\"text-align: justify;\"><strong>En France :<\/strong><\/h2>\n<p style=\"text-align: justify;\">\u25cf Ateliers Ponctuels \u00e0 destination des enfants ou des adolescents, en partenariat avec un \u00e9tablissement scolaire (nombreuses interventions en r\u00e9gion parisienne et en province) :<\/p>\n<p style=\"text-align: justify;\">&#8211; Atelier court (de 2 \u00e0 4h) offrant une initiation \u00e0 la pratique du th\u00e9\u00e2tre.<\/p>\n<p style=\"text-align: justify;\">&#8211; Atelier long (de 3 \u00e0 5 jours) autour d\u2019un th\u00e8me ou d\u2019un spectacle, d\u00e9bouchant g\u00e9n\u00e9ralement sur une pr\u00e9sentation du travail.<\/p>\n<p style=\"text-align: justify;\">&#8211; Intervention \u00ab th\u00e9orique \u00bb sur le th\u00e8me \u00ab Les m\u00e9tiers du th\u00e9\u00e2tre et la mise en sc\u00e8ne \u00bb ou plus sp\u00e9cifiquement autour d\u2019un spectacle de la Compagnie.<\/p>\n<h2 style=\"text-align: justify;\"><\/h2>\n<h2 style=\"text-align: justify;\"><strong>A l\u2019\u00e9tranger :<\/strong><\/h2>\n<p style=\"text-align: justify;\">\u25cf Stages adress\u00e9s aux com\u00e9diens professionnels et aux com\u00e9diens en formation sup\u00e9rieure, d\u2019une dur\u00e9e d\u2019une semaine \u00e0 15 jours (Tourn\u00e9e de ces stages au Mexique, \u00e0 M\u00e9rida, Mexico, La Paz, Oaxaca, Quer\u00e9taro) :<\/p>\n<p style=\"text-align: justify;\">&#8211; La Farce dans l\u2019\u0153uvre de Lorca.<\/p>\n<p style=\"text-align: justify;\">&#8211; Le th\u00e9\u00e2tre Brechtien.<\/p>\n<p style=\"text-align: justify;\">&#8211; La construction du personnage de com\u00e9die.<\/p>\n<p style=\"text-align: justify;\">\u25cf Atelier adress\u00e9 aux apprenants de la langue fran\u00e7aise (enfants ou adultes), ayant pour but de d\u00e9velopper un apprentissage nouveau, plus ludique et plus simple, \u00e0 travers la pratique th\u00e9\u00e2trale.<br \/>\nCet atelier a fait le tour du monde, puisqu\u2019il a d\u00e9j\u00e0 \u00e9t\u00e9 accueilli au Mexique, en Espagne, au Liban, en Turquie et en Chine.<\/p>\n<h2 style=\"text-align: justify;\">Pour consulter les types d&rsquo;ateliers et lieux d&rsquo;interventions : <a title=\"Types d\u2019Ateliers et Lieux d\u2019Interventions\" href=\"http:\/\/www.compagniedumidi.fr\/?page_id=107\">cliquer ici<\/a><\/h2>\n","protected":false},"excerpt":{"rendered":"<p>Parall\u00e8lement \u00e0 son activit\u00e9 artistique, la compagnie du Midi\u00a0 d\u00e9veloppe une forte activit\u00e9 p\u00e9dagogique, en cr\u00e9ant des stages professionnels de formation de l\u2019acteur, ainsi que des ateliers ponctuels \u00e0 destination des enfants et adolescents,\u00a0 et d\u2019autres \u00e0 destination des \u00e9tudiants &hellip; <a href=\"https:\/\/www.compagniedumidi.fr\/?page_id=105\">Continuer la lecture <span class=\"meta-nav\">&rarr;<\/span><\/a><\/p>\n","protected":false},"author":1,"featured_media":0,"parent":100,"menu_order":2,"comment_status":"closed","ping_status":"closed","template":"","meta":{"footnotes":""},"class_list":["post-105","page","type-page","status-publish","hentry"],"_links":{"self":[{"href":"https:\/\/www.compagniedumidi.fr\/index.php?rest_route=\/wp\/v2\/pages\/105","targetHints":{"allow":["GET"]}}],"collection":[{"href":"https:\/\/www.compagniedumidi.fr\/index.php?rest_route=\/wp\/v2\/pages"}],"about":[{"href":"https:\/\/www.compagniedumidi.fr\/index.php?rest_route=\/wp\/v2\/types\/page"}],"author":[{"embeddable":true,"href":"https:\/\/www.compagniedumidi.fr\/index.php?rest_route=\/wp\/v2\/users\/1"}],"replies":[{"embeddable":true,"href":"https:\/\/www.compagniedumidi.fr\/index.php?rest_route=%2Fwp%2Fv2%2Fcomments&post=105"}],"version-history":[{"count":8,"href":"https:\/\/www.compagniedumidi.fr\/index.php?rest_route=\/wp\/v2\/pages\/105\/revisions"}],"predecessor-version":[{"id":894,"href":"https:\/\/www.compagniedumidi.fr\/index.php?rest_route=\/wp\/v2\/pages\/105\/revisions\/894"}],"up":[{"embeddable":true,"href":"https:\/\/www.compagniedumidi.fr\/index.php?rest_route=\/wp\/v2\/pages\/100"}],"wp:attachment":[{"href":"https:\/\/www.compagniedumidi.fr\/index.php?rest_route=%2Fwp%2Fv2%2Fmedia&parent=105"}],"curies":[{"name":"wp","href":"https:\/\/api.w.org\/{rel}","templated":true}]}}

<p style="text-align: justify;">Parallèlement à son activité artistique, la compagnie du Midi  développe une forte activité pédagogique, en créant des stages professionnels de formation de l’acteur, ainsi que des ateliers ponctuels à destination des enfants et adolescents,  et d’autres à destination des étudiants de la  langue française.</p>
<h2 style="text-align: justify;"><strong>En France :</strong></h2>
<p style="text-align: justify;">● Ateliers Ponctuels à destination des enfants ou des adolescents, en partenariat avec un établissement scolaire (nombreuses interventions en région parisienne et en province) :</p>
<p style="text-align: justify;">&#8211; Atelier court (de 2 à 4h) offrant une initiation à la pratique du théâtre.</p>
<p style="text-align: justify;">&#8211; Atelier long (de 3 à 5 jours) autour d’un thème ou d’un spectacle, débouchant généralement sur une présentation du travail.</p>
<p style="text-align: justify;">&#8211; Intervention « théorique » sur le thème « Les métiers du théâtre et la mise en scène » ou plus spécifiquement autour d’un spectacle de la Compagnie.</p>
<h2 style="text-align: justify;"></h2>
<h2 style="text-align: justify;"><strong>A l’étranger :</strong></h2>
<p style="text-align: justify;">● Stages adressés aux comédiens professionnels et aux comédiens en formation supérieure, d’une durée d’une semaine à 15 jours (Tournée de ces stages au Mexique, à Mérida, Mexico, La Paz, Oaxaca, Querétaro) :</p>
<p style="text-align: justify;">&#8211; La Farce dans l’œuvre de Lorca.</p>
<p style="text-align: justify;">&#8211; Le théâtre Brechtien.</p>
<p style="text-align: justify;">&#8211; La construction du personnage de comédie.</p>
<p style="text-align: justify;">● Atelier adressé aux apprenants de la langue française (enfants ou adultes), ayant pour but de développer un apprentissage nouveau, plus ludique et plus simple, à travers la pratique théâtrale.<br />
Cet atelier a fait le tour du monde, puisqu’il a déjà été accueilli au Mexique, en Espagne, au Liban, en Turquie et en Chine.</p>
<h2 style="text-align: justify;">Pour consulter les types d&rsquo;ateliers et lieux d&rsquo;interventions : <a title="Types d’Ateliers et Lieux d’Interventions" href="http://www.compagniedumidi.fr/?page_id=107">cliquer ici</a></h2>

<p>Parallèlement à son activité artistique, la compagnie du Midi  développe une forte activité pédagogique, en créant des stages professionnels de formation de l’acteur, ainsi que des ateliers ponctuels à destination des enfants et adolescents,  et d’autres à destination des étudiants &hellip; <a href="https://www.compagniedumidi.fr/?page_id=105">Continuer la lecture <span class="meta-nav">&rarr;</span></a></p>
