{"id":57,"date":"2013-05-16T10:17:37","date_gmt":"2013-05-16T09:17:37","guid":{"rendered":"http:\/\/www.compagniedumidi.fr\/?page_id=57"},"modified":"2021-05-12T12:56:40","modified_gmt":"2021-05-12T11:56:40","slug":"sous-le-litspectacle-3-7-ansspectacles-3-7-ansle-monde-du-dessous-du-lit","status":"publish","type":"page","link":"https:\/\/www.compagniedumidi.fr\/?page_id=57","title":{"rendered":"Sous le Lit"},"content":{"rendered":"\n<figure class=\"wp-block-embed is-type-video is-provider-youtube wp-block-embed-youtube wp-embed-aspect-16-9 wp-has-aspect-ratio\"><div class=\"wp-block-embed__wrapper\">\n<iframe loading=\"lazy\" title=\"SOUS LE LIT . bande annonce\" width=\"640\" height=\"360\" src=\"https:\/\/www.youtube.com\/embed\/YwPdotfR1Pk?feature=oembed\" frameborder=\"0\" allow=\"accelerometer; autoplay; clipboard-write; encrypted-media; gyroscope; picture-in-picture; web-share\" referrerpolicy=\"strict-origin-when-cross-origin\" allowfullscreen><\/iframe>\n<\/div><\/figure>\n\n\n\n<div class=\"wp-block-columns has-2-columns is-layout-flex wp-container-core-columns-is-layout-9d6595d7 wp-block-columns-is-layout-flex\">\n<div class=\"wp-block-column is-layout-flow wp-block-column-is-layout-flow\">\n<h2 class=\"wp-block-heading\"><strong>Style :<\/strong><\/h2>\n\n\n\n<p>Conte pour enfants de 3 \u00e0 7 ans<\/p>\n\n\n\n<h2 class=\"wp-block-heading\"><strong>Histoire :<\/strong><\/h2>\n\n\n\n<p>Au cours d\u2019une partie de cartes, C\u00e9sar le roi de carreau et D\u00e9d\u00e9 le gros d\u00e9 rouge glissent de la table de jeu et se retrouvent sous le lit, s\u00e9par\u00e9s, dans ce monde myst\u00e9rieux et r\u00e9put\u00e9 dangereux\u2026 Ils d\u00e9couvrent alors le monde du dessous du lit\u2026 et ses dangers. Moniaque, le d\u00e9 noir, a d\u00e9cid\u00e9 d\u2019envahir la chambre, aid\u00e9 par Ken &#8211; l\u2019ex de Barbie &#8211; pourtant tr\u00e8s diminu\u00e9 depuis qu\u2019il a les jambes retourn\u00e9es\u2026 Heureusement, Zip le robot est l\u00e0 qui veille\u2026 Sur leur parcours D\u00e9d\u00e9 et C\u00e9sar rencontrent d\u2019autres personnages aussi incongrus que rigolos, comme le docteur Mabulle, ou encore cette peluche oubli\u00e9e qui \u00e0 la manie d\u2019inciter les enfants \u00e0 faire pipi au lit\u2026 D\u00e9d\u00e9 retrouvera-t-il son ami C\u00e9sar ? Parviendra-t-il \u00e0 s\u2019opposer au mal\u00e9fique Moniaque ? Nous le d\u00e9couvrirons dans ce spectacle dr\u00f4le et sensible o\u00f9 les r\u00eaves, les peurs et les envies des enfants prennent corps et s\u2019animent pour leur plus grand plaisir\u2026<\/p>\n\n\n\n<h2 class=\"wp-block-heading\"><strong>Extraits de presse :<\/strong><\/h2>\n\n\n\n<ul class=\"wp-block-list\"><li>\u00ab\u00a0Une compagnie plut\u00f4t turbulente, sp\u00e9cialiste de la d\u00e9rision et de l\u2019humour, mordant avec modestie dans l\u2019univers des tout-petits. (\u2026) Un v\u00e9ritable d\u00e9lice !\u00a0\u00bb&nbsp; <strong>TELERAMA<\/strong><\/li><li>\u00ab\u00a0Une s\u00e9rie de sketchs d\u00e9sopilants orchestr\u00e9s par d\u2019excellents com\u00e9diens !\u00a0\u00bb&nbsp; <strong>LE FIGARO<\/strong><\/li><li>\u00ab\u00a0On aime la bonne humeur qui se d\u00e9gage de ce spectacle, interpr\u00e9t\u00e9 par deux com\u00e9diens qui incarnent \u00e0 merveille tous les personnages, faisant alterner rythmes et \u00e9motions.\u00a0\u00bb <strong>LE PARISIEN<\/strong><\/li><li>\u00ab\u00a0Un r\u00e9cit color\u00e9 et inventif.\u00a0\u00bb&nbsp;<strong> L\u2019EXPRESS<\/strong><\/li><li>\u00ab\u00a0Le spectacle, men\u00e9 avec vivacit\u00e9, alterne les rythmes et les \u00e9motions, et cherche \u00e0 toucher avec d\u00e9licatesse le c\u0153ur des petits bouts.\u00a0\u00bb&nbsp; <strong>FRANCE SOIR<\/strong><\/li><\/ul>\n\n\n\n<h2 class=\"wp-block-heading\"><strong>Equipe :<\/strong><\/h2>\n\n\n\n<ul class=\"wp-block-list\"><li>Mise en sc\u00e8ne : Antoine Chalard<\/li><li>Cr\u00e9ation Musicale : Germain Derobert<\/li><li>Avec : Antoine Chalard (C\u00e9sar, Moniaque, Zip, Docteur Mabulle, Topolino) et Florent Malburet (D\u00e9d\u00e9, Ken, monstre pipi)<\/li><li>Sc\u00e9nographie : Am\u00e9lie Triboud<\/li><li>Cr\u00e9ation lumi\u00e8re : Aur\u00e9lien Amsellem<\/li><li>Marionnettes : Galina Molotov et Vladimir Kantor<\/li><li>Photos :&nbsp;\u00a9crea\u2010photo\/Mairie de Bailly <\/li><li>Affiche : Broo<\/li><\/ul>\n\n\n\n<h2 class=\"wp-block-heading\"><strong>Date de cr\u00e9ation :<\/strong><\/h2>\n\n\n\n<p>28 mars 2001<\/p>\n\n\n\n<h2 class=\"wp-block-heading\"><strong>Lieux de repr\u00e9sentations :<\/strong><\/h2>\n\n\n\n<ul class=\"wp-block-list\"><li>13 &#8211; Marseille : Centre culturel Busserine<\/li><li>25 &#8211; Montbeliard : Tourn\u00e9es dans les \u00e9coles maternelles<\/li><li>68 &#8211; Rixheim : La Passerelle<\/li><li>75 &#8211; Paris : Espace Ch\u00e2teau-Landon, MJC Mercoeur, Th\u00e9\u00e2tre Darius Milhaud<\/li><li>77 &#8211; Bailly-Romainvilliers : La Ferme Corsange &nbsp; <\/li><li>83 &#8211; Hy\u00e8res : Th\u00e9\u00e2tre Denis &nbsp; <\/li><li>84 &#8211; Avignon : Th\u00e9\u00e2tre de la Condition des Soies &nbsp; &nbsp; &nbsp; &nbsp; &nbsp; &nbsp; &nbsp; &nbsp; &nbsp; &nbsp; &nbsp; &nbsp; &nbsp; &nbsp; &nbsp; &nbsp; &nbsp; &nbsp; &nbsp; &nbsp; &nbsp; &nbsp; &nbsp; &nbsp; &nbsp; &nbsp; &nbsp; &nbsp; &nbsp; &nbsp; &nbsp; &nbsp; &nbsp; &nbsp; &nbsp; &nbsp; &nbsp; &nbsp; <\/li><li>ILE DE LA REUNION : Saint-Pierre, Th\u00e9\u00e2tre Lucette Langenier et La F\u00e9e Mazine &#8211; Le Tampon, Th\u00e9\u00e2tre Luc Donat &#8211; Saint-Philippe, Th\u00e9\u00e2tre Madaur\u00e9 &#8211; Vincendo, Gymanse<\/li><li>LIBAN &#8211; Beyrouth : Th\u00e9\u00e2tre Ch\u00e2teau-Trianon<\/li><\/ul>\n\n\n\n<h2 class=\"wp-block-heading\"><strong>T\u00e9l\u00e9charger le dossier de Sous Le Lit&nbsp;:&nbsp;<a href=\"http:\/\/www.compagniedumidi.fr\/?page_id=995\">cliquer ici<\/a><br><\/strong><\/h2>\n\n\n\n<h2 class=\"wp-block-heading\"><strong>T\u00e9l\u00e9charger la fiche technique de Sous le lit : <a href=\"http:\/\/www.compagniedumidi.fr\/pdf\/fiche_technique_sous_le_lit.pdf\">cliquer ici<\/a><\/strong><\/h2>\n<\/div>\n\n\n\n<div class=\"wp-block-column is-layout-flow wp-block-column-is-layout-flow\">\n<figure class=\"wp-block-image\"><img decoding=\"async\" src=\"http:\/\/www.compagniedumidi.fr\/wp-content\/uploads\/2013\/05\/affiche-darius-milhaud-site1.jpg\" alt=\"\" class=\"wp-image-1195\" height=\"NaN\" srcset=\"https:\/\/www.compagniedumidi.fr\/wp-content\/uploads\/2013\/05\/affiche-darius-milhaud-site1.jpg 591w, https:\/\/www.compagniedumidi.fr\/wp-content\/uploads\/2013\/05\/affiche-darius-milhaud-site1-201x300.jpg 201w\" sizes=\"(max-width: 591px) 100vw, 591px\" \/><\/figure>\n\n\n\n<figure class=\"wp-block-image\"><img decoding=\"async\" src=\"http:\/\/www.compagniedumidi.fr\/wp-content\/uploads\/2013\/05\/photo-12.jpg\" alt=\"\" class=\"wp-image-1116\" height=\"NaN\" srcset=\"https:\/\/www.compagniedumidi.fr\/wp-content\/uploads\/2013\/05\/photo-12.jpg 591w, https:\/\/www.compagniedumidi.fr\/wp-content\/uploads\/2013\/05\/photo-12-300x224.jpg 300w\" sizes=\"(max-width: 591px) 100vw, 591px\" \/><\/figure>\n\n\n\n<figure class=\"wp-block-image\"><img decoding=\"async\" src=\"http:\/\/www.compagniedumidi.fr\/wp-content\/uploads\/2013\/05\/photo-22.jpg\" alt=\"\" class=\"wp-image-1115\" height=\"NaN\" srcset=\"https:\/\/www.compagniedumidi.fr\/wp-content\/uploads\/2013\/05\/photo-22.jpg 591w, https:\/\/www.compagniedumidi.fr\/wp-content\/uploads\/2013\/05\/photo-22-300x199.jpg 300w\" sizes=\"(max-width: 591px) 100vw, 591px\" \/><\/figure>\n\n\n\n<figure class=\"wp-block-image\"><img decoding=\"async\" src=\"http:\/\/www.compagniedumidi.fr\/wp-content\/uploads\/2013\/05\/photo-32.jpg\" alt=\"\" class=\"wp-image-1114\" height=\"NaN\" srcset=\"https:\/\/www.compagniedumidi.fr\/wp-content\/uploads\/2013\/05\/photo-32.jpg 591w, https:\/\/www.compagniedumidi.fr\/wp-content\/uploads\/2013\/05\/photo-32-300x199.jpg 300w\" sizes=\"(max-width: 591px) 100vw, 591px\" \/><\/figure>\n\n\n\n<figure class=\"wp-block-image\"><img decoding=\"async\" src=\"http:\/\/www.compagniedumidi.fr\/wp-content\/uploads\/2013\/05\/photo-42.jpg\" alt=\"\" class=\"wp-image-1113\" height=\"NaN\" srcset=\"https:\/\/www.compagniedumidi.fr\/wp-content\/uploads\/2013\/05\/photo-42.jpg 472w, https:\/\/www.compagniedumidi.fr\/wp-content\/uploads\/2013\/05\/photo-42-199x300.jpg 199w\" sizes=\"(max-width: 472px) 100vw, 472px\" \/><\/figure>\n\n\n\n<figure class=\"wp-block-image\"><img decoding=\"async\" src=\"http:\/\/www.compagniedumidi.fr\/wp-content\/uploads\/2013\/05\/photo-52.jpg\" alt=\"\" class=\"wp-image-1112\" height=\"NaN\" srcset=\"https:\/\/www.compagniedumidi.fr\/wp-content\/uploads\/2013\/05\/photo-52.jpg 591w, https:\/\/www.compagniedumidi.fr\/wp-content\/uploads\/2013\/05\/photo-52-300x199.jpg 300w\" sizes=\"(max-width: 591px) 100vw, 591px\" \/><\/figure>\n\n\n\n<figure class=\"wp-block-image\"><img decoding=\"async\" src=\"http:\/\/www.compagniedumidi.fr\/wp-content\/uploads\/2013\/05\/photo-62.jpg\" alt=\"\" class=\"wp-image-1111\" height=\"NaN\" srcset=\"https:\/\/www.compagniedumidi.fr\/wp-content\/uploads\/2013\/05\/photo-62.jpg 591w, https:\/\/www.compagniedumidi.fr\/wp-content\/uploads\/2013\/05\/photo-62-300x224.jpg 300w\" sizes=\"(max-width: 591px) 100vw, 591px\" \/><\/figure>\n\n\n\n<figure class=\"wp-block-image\"><img decoding=\"async\" src=\"http:\/\/www.compagniedumidi.fr\/wp-content\/uploads\/2013\/05\/photo-72.jpg\" alt=\"\" class=\"wp-image-1110\" height=\"NaN\" srcset=\"https:\/\/www.compagniedumidi.fr\/wp-content\/uploads\/2013\/05\/photo-72.jpg 472w, https:\/\/www.compagniedumidi.fr\/wp-content\/uploads\/2013\/05\/photo-72-199x300.jpg 199w\" sizes=\"(max-width: 472px) 100vw, 472px\" \/><\/figure>\n\n\n\n<figure class=\"wp-block-image\"><img decoding=\"async\" src=\"http:\/\/www.compagniedumidi.fr\/wp-content\/uploads\/2013\/05\/photo-82.jpg\" alt=\"\" class=\"wp-image-1109\" height=\"NaN\" srcset=\"https:\/\/www.compagniedumidi.fr\/wp-content\/uploads\/2013\/05\/photo-82.jpg 591w, https:\/\/www.compagniedumidi.fr\/wp-content\/uploads\/2013\/05\/photo-82-300x200.jpg 300w\" sizes=\"(max-width: 591px) 100vw, 591px\" \/><\/figure>\n<\/div>\n<\/div>\n","protected":false},"excerpt":{"rendered":"<p>Style : Conte pour enfants de 3 \u00e0 7 ans Histoire : Au cours d\u2019une partie de cartes, C\u00e9sar le roi de carreau et D\u00e9d\u00e9 le gros d\u00e9 rouge glissent de la table de jeu et se retrouvent sous le &hellip; <a href=\"https:\/\/www.compagniedumidi.fr\/?page_id=57\">Continuer la lecture <span class=\"meta-nav\">&rarr;<\/span><\/a><\/p>\n","protected":false},"author":1,"featured_media":1121,"parent":51,"menu_order":7,"comment_status":"closed","ping_status":"closed","template":"","meta":{"footnotes":""},"class_list":["post-57","page","type-page","status-publish","has-post-thumbnail","hentry"],"_links":{"self":[{"href":"https:\/\/www.compagniedumidi.fr\/index.php?rest_route=\/wp\/v2\/pages\/57","targetHints":{"allow":["GET"]}}],"collection":[{"href":"https:\/\/www.compagniedumidi.fr\/index.php?rest_route=\/wp\/v2\/pages"}],"about":[{"href":"https:\/\/www.compagniedumidi.fr\/index.php?rest_route=\/wp\/v2\/types\/page"}],"author":[{"embeddable":true,"href":"https:\/\/www.compagniedumidi.fr\/index.php?rest_route=\/wp\/v2\/users\/1"}],"replies":[{"embeddable":true,"href":"https:\/\/www.compagniedumidi.fr\/index.php?rest_route=%2Fwp%2Fv2%2Fcomments&post=57"}],"version-history":[{"count":127,"href":"https:\/\/www.compagniedumidi.fr\/index.php?rest_route=\/wp\/v2\/pages\/57\/revisions"}],"predecessor-version":[{"id":2168,"href":"https:\/\/www.compagniedumidi.fr\/index.php?rest_route=\/wp\/v2\/pages\/57\/revisions\/2168"}],"up":[{"embeddable":true,"href":"https:\/\/www.compagniedumidi.fr\/index.php?rest_route=\/wp\/v2\/pages\/51"}],"wp:featuredmedia":[{"embeddable":true,"href":"https:\/\/www.compagniedumidi.fr\/index.php?rest_route=\/wp\/v2\/media\/1121"}],"wp:attachment":[{"href":"https:\/\/www.compagniedumidi.fr\/index.php?rest_route=%2Fwp%2Fv2%2Fmedia&parent=57"}],"curies":[{"name":"wp","href":"https:\/\/api.w.org\/{rel}","templated":true}]}}