{"id":59,"date":"2013-05-16T10:18:05","date_gmt":"2013-05-16T09:18:05","guid":{"rendered":"http:\/\/www.compagniedumidi.fr\/?page_id=59"},"modified":"2021-05-12T12:57:04","modified_gmt":"2021-05-12T11:57:04","slug":"petit-songe-dune-nuit-detepetit-songe-dune-nuit-detetessonstephanie-tessonstephanie-tessonshakespeare","status":"publish","type":"page","link":"https:\/\/www.compagniedumidi.fr\/?page_id=59","title":{"rendered":"Petit Songe d&rsquo;une Nuit d&rsquo;Et\u00e9"},"content":{"rendered":"<h1><strong>de St\u00e9phanie Tesson<\/strong><\/h1>\n<p><iframe loading=\"lazy\" title=\"le petit songe d&#039;une nuit d&#039;\u00e9t\u00e9 - bande annonce\" width=\"640\" height=\"480\" src=\"https:\/\/www.youtube.com\/embed\/PU7S0Vz6BwY?feature=oembed\" frameborder=\"0\" allow=\"accelerometer; autoplay; clipboard-write; encrypted-media; gyroscope; picture-in-picture; web-share\" referrerpolicy=\"strict-origin-when-cross-origin\" allowfullscreen><\/iframe><\/p>\n\n\n<div class=\"wp-block-columns has-2-columns is-layout-flex wp-container-core-columns-is-layout-9d6595d7 wp-block-columns-is-layout-flex\">\n<div class=\"wp-block-column is-layout-flow wp-block-column-is-layout-flow\">\n<h2 class=\"wp-block-heading\"><strong>Style :<\/strong><\/h2>\n\n\n\n<p>Com\u00e9die musicale tout public \u00e0 partir de 5 ans librement adapt\u00e9e du <em>Songe d&rsquo;une nuit d&rsquo;\u00e9t\u00e9<\/em> de Shakespeare.<\/p>\n\n\n\n<h2 class=\"wp-block-heading\"><strong>Histoire :<\/strong><\/h2>\n\n\n\n<p>L\u2019histoire se d\u00e9roule il y a tr\u00e8s tr\u00e8s longtemps, au temps o\u00f9 les f\u00e9es et les elfes influaient encore sur les humains, au temps o\u00f9 les grands de ce monde arrangeaient des mariages fort heureusement toujours compromis par l\u2019amour v\u00e9ritable\u2026<br>On retrouve dans ce petit songe toute la magie et la folie du songe d\u2019une nuit d\u2019\u00e9t\u00e9 de William Shakespeare\u2026Un roi autoritaire, des amoureux en fuite dans une for\u00eat myst\u00e9rieuse sur laquelle r\u00e8gnent elfes, f\u00e9es et autres farfadets , une potion magique qui permet de rendre amoureux quiconque l\u2019aurait go\u00fbt\u00e9e pendant son sommeil et bien s\u00fbr les sc\u00e8nes de grande com\u00e9die qui font toute la truculence de la pi\u00e8ce du grand William.<br>Adapt\u00e9e par St\u00e9phanie TESSON, l\u2019\u0153uvre devient tr\u00e8s accessible aux enfants et se d\u00e9cline en un spectacle po\u00e9tique et dr\u00f4le, o\u00f9 la musique et le chant prennent une place de choix.<br>Le texte est \u00e9dit\u00e9 aux \u00e9ditions du Bonhomme Vert<\/p>\n\n\n\n<h2 class=\"wp-block-heading\"><strong>Extraits de presse :<\/strong><\/h2>\n\n\n\n<ul class=\"wp-block-list\"><li>\u00ab\u00a0Comique, grotesque et romantique, une avalanche de p\u00e9rip\u00e9ties et de personnages \u00e9tranges qui d\u00e9boulent dans des d\u00e9cors f\u00e9eriques.\u00a0\u00bb <strong>TELERAMA<\/strong><\/li><li>\u00ab\u00a0Un spectacle vivant, gai et f\u00e9erique qui fait aimer le th\u00e9\u00e2tre aux enfants.\u00a0\u00bb <strong>JOURNAL DU DIMANCHE<\/strong><\/li><li>\u00ab\u00a0Naviguant dans un splendide d\u00e9cor et des lumi\u00e8res tr\u00e8s travaill\u00e9es, les com\u00e9diens, pleins de fougue et de talent, sont parfaits dans tous leurs r\u00f4les. De la belle ouvrage adapt\u00e9e aux enfants. Enchanteur !\u00a0\u00bb <strong>LE PARISIEN<\/strong><\/li><li>\u00ab\u00a0Ce petit songe est hilarant, la mise en sc\u00e8ne est tr\u00e8s r\u00e9ussie. Une jolie pi\u00e8ce comme on r\u00eaverait d\u2019en voir plus souvent, \u00e0 d\u00e9couvrir sans tarder.\u00a0\u00bb <strong>ZURBAN<\/strong><\/li><li>\u00ab\u00a0Po\u00e9tique et dr\u00f4le !\u00a0\u00bb <strong>LE FIGARO<\/strong><\/li><li>\u00ab\u00a0Une adaptation savoureuse, originale et p\u00e9tillante de grande qualit\u00e9 tant sur le fond que sur la forme.\u00a0\u00bb <strong>PARIS FRIMOUSSE<\/strong><\/li><li>\u00ab\u00a0Un spectacle magique et po\u00e9tique, une tragi-com\u00e9die en chansons pleine de rebondissements.\u00a0\u00bb <strong>PARISCOPE<\/strong><\/li><li>\u00ab\u00a0Une com\u00e9die musicale de grande qualit\u00e9 pour r\u00eaver en famille.\u00a0\u00bb <strong>LA MARSEILLAISE<\/strong><\/li><\/ul>\n\n\n\n<h2 class=\"wp-block-heading\"><strong>Equipe :<\/strong><\/h2>\n\n\n\n<ul class=\"wp-block-list\"><li>Mise en sc\u00e8ne : Antoine Chalard<\/li><li>Avec : Antoine Chalard (T\u00e9n\u00e9bris, le roi), Florent Malburet (Rozo, Truc), Ombeline de la Teyssonni\u00e8re, Magali de Jonckeere ou Marie Vernalde (Rosette, Mosquita, Etincelle), Manon Leroy ou Ombeline de la Teyssonni\u00e8re (Rillette, Luxy), Yann de Monterno ou David Laborie (Purpor, Mosquito, Filament)<\/li><li>Cr\u00e9ation musicale : Germain Derobert &#8211; Cr\u00e9ation lumi\u00e8re : Aur\u00e9lien Amsellem<\/li><li>Costumes : Hicham Riffy &#8211; Sc\u00e9nographie : Anne Leclerc<\/li><li>Masques : Fr\u00e9d\u00e9ric Plancheneau &#8211; Bande-son : Julien Lathi\u00e8re<\/li><li>Photos : Franck Vallet &#8211; Affiche : Fr\u00e9d\u00e9ric Saurel<\/li><\/ul>\n\n\n\n<h2 class=\"wp-block-heading\"><strong>Date de cr\u00e9ation :<\/strong><\/h2>\n\n\n\n<p>11 mai 2005<\/p>\n\n\n\n<h2 class=\"wp-block-heading\"><strong>Lieux de repr\u00e9sentations :<\/strong><\/h2>\n\n\n\n<ul class=\"wp-block-list\"><li>08 &#8211; Charleville : MJC<\/li><li>10 &#8211; St Germain : La Com\u00e9die<\/li><li>13 &#8211; Marseille : Centre culturel Busserine<\/li><li>13 &#8211; Gardanne : Trois Casino Cin\u00e9ma<\/li><li>13 &#8211; Gemenos : Th\u00e9\u00e2tre de Verdure<\/li><li>13 &#8211; Lan\u00e7on-de-provence : Estivades des Roquilles<\/li><li>21 &#8211; Chevigny St Sauveur : Le Polygone<\/li><li>38 &#8211; Allevard les bains : Th\u00e9\u00e2tre municipal<\/li><li>42 &#8211; Andr\u00e9zioux Bouth\u00e9on : Th\u00e9\u00e2tre du Parc ACT<\/li><li>44 &#8211; Ch\u00e2teaubriant : Th\u00e9\u00e2tre de Verre<\/li><li>45 &#8211; Orl\u00e9ans : Th\u00e9\u00e2tre G\u00e9rard Philipe<\/li><li>47 &#8211; Villeneuve Sur Lot : Th\u00e9\u00e2tre Georges Leygues<\/li><li>49 &#8211; Chemill\u00e9 : Th\u00e9\u00e2tre Foirail<\/li><li>60 &#8211; Coye la for\u00eat : Centre culturel<\/li><li>62 &#8211; Saint Laurent Blangy : AEP<\/li><li>67 &#8211; Saverne : Espace Rohan<\/li><li>68 &#8211; Colmar : T\u00e9\u00e2tre Municipal<\/li><li>70 &#8211; Luxeuil les Bains : Espace Moli\u00e8re<\/li><li>71 &#8211; Macon : Sc\u00e8ne nationale<\/li><li>71 &#8211; St Marcel : Th\u00e9\u00e2tre Municipal<\/li><li>75 &#8211; Paris : Th\u00e9\u00e2tre Mouffetard, Th\u00e9\u00e2tre du Jardin<\/li><li>77 &#8211; Chelles : Centre culturel<\/li><li>77 &#8211; Claye-Souilly : Espace Andr\u00e9 Malraux<\/li><li>77 &#8211; Dammarie les lys : Th\u00e9\u00e2tre municipal<\/li><li>77 &#8211; Bailly-Romainvilliers : La Ferme Corsange<\/li><li>77 &#8211; Meaux : Th\u00e9\u00e2tre du Luxembourg<\/li><li>78 &#8211; Montigny le Bretonneux : Cin\u00e9ma Jacques Brel<\/li><li>78 &#8211; Saint Germain en laye : Th\u00e9\u00e2tre Alexandre Dumas<\/li><li>78 &#8211; Plaisir : Espace Coluche<\/li><li>83 &#8211; Brignoles : th\u00e9\u00e2tre municipal<\/li><li>84 &#8211; Avignon : Th\u00e9\u00e2tre de la Condition des Soies<\/li><li>92 &#8211; Boulogne : Th\u00e9\u00e2tre Est Parisien<\/li><li>92 &#8211; Neuilly : Th\u00e9\u00e2tre le Village<\/li><li>94 &#8211; Vincennes : Auditorium Jean-Pierre Miquel<\/li><li>94 &#8211; Villeneuve Saint Georges : Th\u00e9\u00e2tre municipal<\/li><li>95 &#8211; Sannois : Espace Michel Berger<\/li><li><\/li><li>LIBAN &#8211; Beyrouth : Th\u00e9\u00e2tre Aresco Palace<\/li><li>TURQUIE &#8211; Istanbul : Lyc\u00e9e fran\u00e7ais<\/li><\/ul>\n<\/div>\n\n\n\n<div class=\"wp-block-column is-layout-flow wp-block-column-is-layout-flow\">\n<figure class=\"wp-block-image\"><img decoding=\"async\" src=\"http:\/\/www.compagniedumidi.fr\/wp-content\/uploads\/2013\/05\/afficheb4.jpg\" alt=\"\" class=\"wp-image-357\" height=\"NaN\" srcset=\"https:\/\/www.compagniedumidi.fr\/wp-content\/uploads\/2013\/05\/afficheb4.jpg 591w, https:\/\/www.compagniedumidi.fr\/wp-content\/uploads\/2013\/05\/afficheb4-200x300.jpg 200w\" sizes=\"(max-width: 591px) 100vw, 591px\" \/><\/figure>\n\n\n\n<figure class=\"wp-block-image\"><img decoding=\"async\" src=\"http:\/\/www.compagniedumidi.fr\/wp-content\/uploads\/2013\/05\/photo-1b3.jpg\" alt=\"\" class=\"wp-image-358\" height=\"NaN\" srcset=\"https:\/\/www.compagniedumidi.fr\/wp-content\/uploads\/2013\/05\/photo-1b3.jpg 472w, https:\/\/www.compagniedumidi.fr\/wp-content\/uploads\/2013\/05\/photo-1b3-181x300.jpg 181w\" sizes=\"(max-width: 472px) 100vw, 472px\" \/><\/figure>\n\n\n\n<figure class=\"wp-block-image\"><img decoding=\"async\" src=\"http:\/\/www.compagniedumidi.fr\/wp-content\/uploads\/2013\/05\/photo-2b4.jpg\" alt=\"\" class=\"wp-image-359\" height=\"NaN\" srcset=\"https:\/\/www.compagniedumidi.fr\/wp-content\/uploads\/2013\/05\/photo-2b4.jpg 591w, https:\/\/www.compagniedumidi.fr\/wp-content\/uploads\/2013\/05\/photo-2b4-300x200.jpg 300w\" sizes=\"(max-width: 591px) 100vw, 591px\" \/><\/figure>\n\n\n\n<figure class=\"wp-block-image\"><img decoding=\"async\" src=\"http:\/\/www.compagniedumidi.fr\/wp-content\/uploads\/2013\/05\/photo-3b3.jpg\" alt=\"\" class=\"wp-image-360\" height=\"NaN\" srcset=\"https:\/\/www.compagniedumidi.fr\/wp-content\/uploads\/2013\/05\/photo-3b3.jpg 591w, https:\/\/www.compagniedumidi.fr\/wp-content\/uploads\/2013\/05\/photo-3b3-300x230.jpg 300w\" sizes=\"(max-width: 591px) 100vw, 591px\" \/><\/figure>\n\n\n\n<figure class=\"wp-block-image\"><img decoding=\"async\" src=\"http:\/\/www.compagniedumidi.fr\/wp-content\/uploads\/2013\/05\/photo-4b3.jpg\" alt=\"\" class=\"wp-image-361\" height=\"NaN\" srcset=\"https:\/\/www.compagniedumidi.fr\/wp-content\/uploads\/2013\/05\/photo-4b3.jpg 591w, https:\/\/www.compagniedumidi.fr\/wp-content\/uploads\/2013\/05\/photo-4b3-300x200.jpg 300w\" sizes=\"(max-width: 591px) 100vw, 591px\" \/><\/figure>\n\n\n\n<figure class=\"wp-block-image\"><img decoding=\"async\" src=\"http:\/\/www.compagniedumidi.fr\/wp-content\/uploads\/2013\/05\/photo-5b3.jpg\" alt=\"\" class=\"wp-image-362\" height=\"NaN\" srcset=\"https:\/\/www.compagniedumidi.fr\/wp-content\/uploads\/2013\/05\/photo-5b3.jpg 591w, https:\/\/www.compagniedumidi.fr\/wp-content\/uploads\/2013\/05\/photo-5b3-300x202.jpg 300w\" sizes=\"(max-width: 591px) 100vw, 591px\" \/><\/figure>\n\n\n\n<figure class=\"wp-block-image\"><img decoding=\"async\" src=\"http:\/\/www.compagniedumidi.fr\/wp-content\/uploads\/2013\/05\/photo-6b3.jpg\" alt=\"\" class=\"wp-image-363\" height=\"NaN\" srcset=\"https:\/\/www.compagniedumidi.fr\/wp-content\/uploads\/2013\/05\/photo-6b3.jpg 472w, https:\/\/www.compagniedumidi.fr\/wp-content\/uploads\/2013\/05\/photo-6b3-214x300.jpg 214w\" sizes=\"(max-width: 472px) 100vw, 472px\" \/><\/figure>\n\n\n\n<figure class=\"wp-block-image\"><img decoding=\"async\" src=\"http:\/\/www.compagniedumidi.fr\/wp-content\/uploads\/2013\/05\/photo-7b2-1024x841.jpg\" alt=\"\" class=\"wp-image-364\" height=\"NaN\" srcset=\"https:\/\/www.compagniedumidi.fr\/wp-content\/uploads\/2013\/05\/photo-7b2-1024x841.jpg 1024w, https:\/\/www.compagniedumidi.fr\/wp-content\/uploads\/2013\/05\/photo-7b2-300x246.jpg 300w, https:\/\/www.compagniedumidi.fr\/wp-content\/uploads\/2013\/05\/photo-7b2.jpg 1500w\" sizes=\"(max-width: 1024px) 100vw, 1024px\" \/><\/figure>\n\n\n\n<figure class=\"wp-block-image\"><img decoding=\"async\" src=\"http:\/\/www.compagniedumidi.fr\/wp-content\/uploads\/2013\/05\/photo-8b3.jpg\" alt=\"\" class=\"wp-image-365\" height=\"NaN\" srcset=\"https:\/\/www.compagniedumidi.fr\/wp-content\/uploads\/2013\/05\/photo-8b3.jpg 591w, https:\/\/www.compagniedumidi.fr\/wp-content\/uploads\/2013\/05\/photo-8b3-300x194.jpg 300w\" sizes=\"(max-width: 591px) 100vw, 591px\" \/><\/figure>\n\n\n\n<figure class=\"wp-block-image\"><img decoding=\"async\" src=\"http:\/\/www.compagniedumidi.fr\/wp-content\/uploads\/2013\/05\/photo-9b.jpg\" alt=\"\" class=\"wp-image-366\" height=\"NaN\" srcset=\"https:\/\/www.compagniedumidi.fr\/wp-content\/uploads\/2013\/05\/photo-9b.jpg 472w, https:\/\/www.compagniedumidi.fr\/wp-content\/uploads\/2013\/05\/photo-9b-258x300.jpg 258w\" sizes=\"(max-width: 472px) 100vw, 472px\" \/><\/figure>\n<\/div>\n<\/div>\n\n\n\n<h2 class=\"wp-block-heading\"><strong>T\u00e9l\u00e9charger le dossier de Petit Songe d&rsquo;une nuit d&rsquo;\u00e9t\u00e9&nbsp;:&nbsp;<a href=\"http:\/\/www.compagniedumidi.fr\/?page_id=1023\">cliquer ici<\/a><br><\/strong><\/h2>\n\n\n\n<h2 class=\"wp-block-heading\"><strong>T\u00e9l\u00e9charger la fiche technique de Petit Songe d&rsquo;une nuit d&rsquo;\u00e9t\u00e9 : <a href=\"http:\/\/www.compagniedumidi.fr\/pdf\/fiche_technique_petit_songe.pdf\">cliquer ici<\/a><\/strong><\/h2>\n\n\n<p><!--StartFragment--><\/p>\n<p><!--EndFragment--><\/p>","protected":false},"excerpt":{"rendered":"<p>de St\u00e9phanie Tesson Style : Com\u00e9die musicale tout public \u00e0 partir de 5 ans librement adapt\u00e9e du Songe d&rsquo;une nuit d&rsquo;\u00e9t\u00e9 de Shakespeare. Histoire : L\u2019histoire se d\u00e9roule il y a tr\u00e8s tr\u00e8s longtemps, au temps o\u00f9 les f\u00e9es et &hellip; <a href=\"https:\/\/www.compagniedumidi.fr\/?page_id=59\">Continuer la lecture <span class=\"meta-nav\">&rarr;<\/span><\/a><\/p>\n","protected":false},"author":1,"featured_media":357,"parent":51,"menu_order":8,"comment_status":"closed","ping_status":"closed","template":"","meta":{"footnotes":""},"class_list":["post-59","page","type-page","status-publish","has-post-thumbnail","hentry"],"_links":{"self":[{"href":"https:\/\/www.compagniedumidi.fr\/index.php?rest_route=\/wp\/v2\/pages\/59","targetHints":{"allow":["GET"]}}],"collection":[{"href":"https:\/\/www.compagniedumidi.fr\/index.php?rest_route=\/wp\/v2\/pages"}],"about":[{"href":"https:\/\/www.compagniedumidi.fr\/index.php?rest_route=\/wp\/v2\/types\/page"}],"author":[{"embeddable":true,"href":"https:\/\/www.compagniedumidi.fr\/index.php?rest_route=\/wp\/v2\/users\/1"}],"replies":[{"embeddable":true,"href":"https:\/\/www.compagniedumidi.fr\/index.php?rest_route=%2Fwp%2Fv2%2Fcomments&post=59"}],"version-history":[{"count":13,"href":"https:\/\/www.compagniedumidi.fr\/index.php?rest_route=\/wp\/v2\/pages\/59\/revisions"}],"predecessor-version":[{"id":2169,"href":"https:\/\/www.compagniedumidi.fr\/index.php?rest_route=\/wp\/v2\/pages\/59\/revisions\/2169"}],"up":[{"embeddable":true,"href":"https:\/\/www.compagniedumidi.fr\/index.php?rest_route=\/wp\/v2\/pages\/51"}],"wp:featuredmedia":[{"embeddable":true,"href":"https:\/\/www.compagniedumidi.fr\/index.php?rest_route=\/wp\/v2\/media\/357"}],"wp:attachment":[{"href":"https:\/\/www.compagniedumidi.fr\/index.php?rest_route=%2Fwp%2Fv2%2Fmedia&parent=59"}],"curies":[{"name":"wp","href":"https:\/\/api.w.org\/{rel}","templated":true}]}}