{"id":67,"date":"2013-05-16T10:20:13","date_gmt":"2013-05-16T09:20:13","guid":{"rendered":"http:\/\/www.compagniedumidi.fr\/?page_id=67"},"modified":"2020-09-10T06:48:48","modified_gmt":"2020-09-10T05:48:48","slug":"courtesgrumbergjc-grumbergjean-claude-grumberg","status":"publish","type":"page","link":"https:\/\/www.compagniedumidi.fr\/?page_id=67","title":{"rendered":"Courtes"},"content":{"rendered":"<h1><strong>de Jean-Claude Grumberg<\/strong><\/h1>\n<p><iframe loading=\"lazy\" title=\"COURTES (bande annonce) de Jean-Claude GRUMBERG. Th\u00e9\u00e2tre du Midi. Mise en sc\u00e8ne : Antoine CHALARD\" width=\"640\" height=\"360\" src=\"https:\/\/www.youtube.com\/embed\/6UCQCzD3au4?feature=oembed\" frameborder=\"0\" allow=\"accelerometer; autoplay; clipboard-write; encrypted-media; gyroscope; picture-in-picture; web-share\" referrerpolicy=\"strict-origin-when-cross-origin\" allowfullscreen><\/iframe><\/p>\n\n\n<div class=\"wp-block-columns has-2-columns is-layout-flex wp-container-core-columns-is-layout-9d6595d7 wp-block-columns-is-layout-flex\">\n<div class=\"wp-block-column is-layout-flow wp-block-column-is-layout-flow\">\n<h2 class=\"wp-block-heading\"><strong>Style : <\/strong><\/h2>\n\n\n\n<p>Montage de pi\u00e8ces courtes issues des recueils <em>Les Courtes<\/em> et <em>Sortie de Th\u00e9\u00e2tre<\/em>.<\/p>\n\n\n\n<h2 class=\"wp-block-heading\"><strong>Histoire :<\/strong><\/h2>\n\n\n\n<p><em>Une vie de On<\/em> ouvre le spectacle ; elle plante les fondations, elle parle de la vie d\u2019un homme \u00ab\u00a0class\u00e9\u00a0\u00bb, catalogu\u00e9 d\u00e8s sa naissance et traumatis\u00e9 par l\u2019holocauste, \u00ab\u00a0cette histoire de con. \u00a0\u00bb Grumberg \u00e9crit dans l\u2019avant-propos du recueil \u00ab Sortie de Th\u00e9\u00e2tre \u00bb : \u00ab Une vie de On , fruit d\u2019un travail autobiographique \u00e0 la troisi\u00e8me personne \u00bb<br><em>Michu<\/em>, \u00e0 travers un couple et LE coll\u00e8gue de bureau, d\u00e9crit avec beaucoup d\u2019humour l\u2019influence perverse de l\u2019autre et le jugement rapide port\u00e9 sur l\u2019apparence.<br><em>Les Rouquins<\/em> nous raconte l\u2019histoire d\u2019un gentil petit couple coinc\u00e9 dans un univers rouquinophobe et qui tremble d\u2019avoir des odeurs un peu trop rouquines.<br>Jou\u00e9e pour la premi\u00e8re fois, <em>Jardin Public<\/em> d\u00e9cline sous la forme de trois personnages, la suffisance et le rapport m\u00e9prisant du plus fort sur le plus faible.<br><em>Pied de lampe<\/em> exprime la vulgarit\u00e9 au summum de sa puissance par ces deux hommes, l\u2019un marchand, l\u2019autre client, r\u00e9unis pour transformer la femme du second en \u2026 lampe.<br>Enfin <em>Sortie de Th\u00e9\u00e2tre<\/em> ponctue le spectacle. Comme un bilan apr\u00e8s chaque sayn\u00e8te, des spectateurs constern\u00e9s ou furieux commentent la pi\u00e8ce de JC GRUMBERG. A noter que toutes les r\u00e9pliques de cet ouvrage ont \u00e9t\u00e9 glan\u00e9es par l\u2019auteur lui-m\u00eame \u00e0 la sortie des repr\u00e9sentations de Maman revient, pauvre orphelin, au th\u00e9\u00e2tre du vieux colombier. \u00ab\u00a0Grumberg est l&rsquo;auteur tragique le plus dr\u00f4le de sa g\u00e9n\u00e9ration.\u00a0\u00bb ecrit Claude Roy; qualit\u00e9 rev\u00e9rifi\u00e9e dans Courtes qui raconte des tranches de vies coup\u00e9es tr\u00e8s fin par un couteau tr\u00e8s gros, tellement d\u00e9risoires, path\u00e9tiques et r\u00e9voltantes qu&rsquo;elles en deviennent irr\u00e9sistiblement comiques.<br>Un spectacle r\u00e9solument l\u00e9ger, aux personnages si attachants qu&rsquo;on en oublierait qu&rsquo;ils sont des monstres&#8230;<br>Le texte est \u00e9dit\u00e9 aux \u00e9ditions Babel<\/p>\n\n\n\n<h2 class=\"wp-block-heading\"><strong>Extraits de presse :<\/strong><\/h2>\n\n\n\n<ul class=\"wp-block-list\"><li>\u00ab\u00a0On retrouve la tr\u00e8s belle \u00e9criture de Jean-Claude Grumberg, magnifiquement servie par la Compagnie du Midi. On notera au passage la richesse du r\u00e9pertoire de cette jeune compagnie. Longue vie \u00e0 la compagnie du Midi !\u00a0\u00bb <strong>FRANCE CULTURE<\/strong><\/li><li>\u00ab\u00a0Jou\u00e9s par trois excellents com\u00e9diens, \u00e9tranges, insolites (\u2026) Bravo donc \u00e0 cette jeune compagnie qui sert si parfaitement Jean-Claude Grumberg.\u00a0\u00bb <strong>VILLAGE VOICE<\/strong><\/li><li>\u00ab\u00a0D\u2019une am\u00e8re dr\u00f4lerie.\u00a0\u00bb <strong>L\u2019HUMANITE <\/strong><\/li><li>\u00ab\u00a0Pr\u00e9cis et mordant. Une mise en sc\u00e8ne coh\u00e9rente et cr\u00e9ative !\u00a0\u00bb <strong>THEATRE PUBLIC<\/strong><\/li><li>\u00ab\u00a0La gestuelle robotis\u00e9e suit le rythme saccad\u00e9 de l\u2019\u00e9criture de Grumberg et donne une force et une homog\u00e9n\u00e9it\u00e9 au spectacle jusque dans les transitions. Les com\u00e9diens, distants des mots qu\u2019ils prononcent et qui se heurtent les uns aux autres, sont particuli\u00e8rement attachants et justes dans cette soci\u00e9t\u00e9 implacable.\u00a0\u00bb <strong>THEATREONLINE<\/strong><\/li><li>\u00ab\u00a0Un spectacle \u00e0 ne pas manquer !\u00a0\u00bb <strong>L\u2019ARCHE<\/strong><\/li><li>\u00ab\u00a0Un trio d\u2019acteurs tout simplement parfait !\u00a0\u00bb <strong>JOURNAL DE SOANE ET LOIRE<\/strong><\/li><\/ul>\n\n\n\n<h2 class=\"wp-block-heading\"><strong>Equipe :<\/strong><\/h2>\n\n\n\n<ul class=\"wp-block-list\"><li>Mise en sc\u00e8ne : Antoine Chalard<\/li><li>Avec : Antoine Chalard, Florent Malburet, Marie-Pierre P\u00e9rez ou Brigitte Guedj ou Caroline Maillard<\/li><li>Cr\u00e9ation lumi\u00e8re : Aur\u00e9lien Amsellem<\/li><li>Affiche : Vania Alban-Zappata<\/li><\/ul>\n\n\n\n<h2 class=\"wp-block-heading\"><strong>Date de cr\u00e9ation :<\/strong><\/h2>\n\n\n\n<p>6 juillet 2001<\/p>\n\n\n\n<h2 class=\"wp-block-heading\"><strong>Lieux de repr\u00e9sentations :<\/strong><\/h2>\n\n\n\n<ul class=\"wp-block-list\"><li>03 &#8211; Bellerive sur Allier : Le geyser<\/li><li>06 &#8211; Cannes : Th\u00e9\u00e2tre Alexandre III<\/li><li>11 &#8211; Castelnaudary : Sc\u00e8nes des 3 Ponts<\/li><li>11 &#8211; Capendu : le Grand Foyer<\/li><li>13 &#8211; Marseille : Le Parvis des Arts<\/li><li>13 &#8211; Lan\u00e7on-de-provence : Estivades des Roquilles<\/li><li>21 &#8211; Dijon : La Fontaine du Rire<\/li><li>43 &#8211; Monistrol : Espace Culturel de Monteil<\/li><li>52 &#8211; Langres : Th\u00e9\u00e2tre municipal<\/li><li>52 &#8211; Saint-Dizier : Th\u00e9\u00e2tre municipal<\/li><li>53 &#8211; Mayenne : Th\u00e9\u00e2tre municipal<\/li><li>55 &#8211; Verdun : Grenier th\u00e9\u00e2tre<\/li><li>56 &#8211; Lorient : Th\u00e9\u00e2tre le City<\/li><li>60 &#8211; Cr\u00e9py-en-Valois : MJC Europe<\/li><li>66 &#8211; Perpignan : Centre culturel Cocteau-Marais<\/li><li>69 &#8211; Gleiz\u00e9 : Th\u00e9\u00e2tre municipal<\/li><li>71 &#8211; Autun : Th\u00e9\u00e2tre municipal<\/li><li>74 &#8211; Thonon-les bains : les fondus du macadam<\/li><li>75 &#8211; Paris : Salle de spectacle d&rsquo;Eurobank<\/li><li>76 &#8211; Grand Couronne : Foyer Municipal<\/li><li>77 &#8211; Avon : La maison dans la vall\u00e9e<\/li><li>79 &#8211; Lezay : Th\u00e9\u00e2tre municipal<\/li><li>83 &#8211; Le Pradet : Espace des Arts<\/li><li>84 &#8211; Avignon : Th\u00e9\u00e2tre de la Condition des Soies, Th\u00e9\u00e2tre de l\u2019Aliz\u00e9, CCAS \u00eele de la Barthelasse<\/li><li>94 &#8211; Bonneuil sur Marne : Salle G\u00e9rard Philipe<\/li><li>MAROC : Instituts Fran\u00e7ais d&rsquo;Agadir et de Casablanca<\/li><li>ALLEMAGNE &#8211; Franckfurt : Th\u00e9\u00e2tre International<\/li><li>SUISSE &#8211; Sion : Th\u00e9\u00e2tre de Val\u00e8re<\/li><\/ul>\n\n\n\n<p><\/p>\n<\/div>\n\n\n\n<div class=\"wp-block-column is-layout-flow wp-block-column-is-layout-flow\">\n<figure class=\"wp-block-image\"><img decoding=\"async\" src=\"http:\/\/www.compagniedumidi.fr\/wp-content\/uploads\/2013\/05\/afficheb5.jpg\" alt=\"\" class=\"wp-image-369\" width=\"NaN\" height=\"NaN\" srcset=\"https:\/\/www.compagniedumidi.fr\/wp-content\/uploads\/2013\/05\/afficheb5.jpg 591w, https:\/\/www.compagniedumidi.fr\/wp-content\/uploads\/2013\/05\/afficheb5-200x300.jpg 200w\" sizes=\"(max-width: 591px) 100vw, 591px\" \/><\/figure>\n\n\n\n<figure class=\"wp-block-image\"><img decoding=\"async\" src=\"http:\/\/www.compagniedumidi.fr\/wp-content\/uploads\/2013\/05\/photo-1b4.jpg\" alt=\"\" class=\"wp-image-370\" width=\"NaN\" height=\"NaN\" srcset=\"https:\/\/www.compagniedumidi.fr\/wp-content\/uploads\/2013\/05\/photo-1b4.jpg 591w, https:\/\/www.compagniedumidi.fr\/wp-content\/uploads\/2013\/05\/photo-1b4-300x201.jpg 300w\" sizes=\"(max-width: 591px) 100vw, 591px\" \/><\/figure>\n\n\n\n<figure class=\"wp-block-image\"><img decoding=\"async\" src=\"http:\/\/www.compagniedumidi.fr\/wp-content\/uploads\/2013\/05\/photo-2b5.jpg\" alt=\"\" class=\"wp-image-371\" width=\"NaN\" height=\"NaN\" srcset=\"https:\/\/www.compagniedumidi.fr\/wp-content\/uploads\/2013\/05\/photo-2b5.jpg 472w, https:\/\/www.compagniedumidi.fr\/wp-content\/uploads\/2013\/05\/photo-2b5-225x300.jpg 225w\" sizes=\"(max-width: 472px) 100vw, 472px\" \/><\/figure>\n\n\n\n<figure class=\"wp-block-image\"><img decoding=\"async\" src=\"http:\/\/www.compagniedumidi.fr\/wp-content\/uploads\/2013\/05\/photo-3b4.jpg\" alt=\"\" class=\"wp-image-372\" width=\"NaN\" height=\"NaN\" srcset=\"https:\/\/www.compagniedumidi.fr\/wp-content\/uploads\/2013\/05\/photo-3b4.jpg 472w, https:\/\/www.compagniedumidi.fr\/wp-content\/uploads\/2013\/05\/photo-3b4-250x300.jpg 250w\" sizes=\"(max-width: 472px) 100vw, 472px\" \/><\/figure>\n\n\n\n<figure class=\"wp-block-image\"><img decoding=\"async\" src=\"http:\/\/www.compagniedumidi.fr\/wp-content\/uploads\/2013\/05\/photo-4b4.jpg\" alt=\"\" class=\"wp-image-373\" width=\"NaN\" height=\"NaN\" srcset=\"https:\/\/www.compagniedumidi.fr\/wp-content\/uploads\/2013\/05\/photo-4b4.jpg 591w, https:\/\/www.compagniedumidi.fr\/wp-content\/uploads\/2013\/05\/photo-4b4-300x203.jpg 300w\" sizes=\"(max-width: 591px) 100vw, 591px\" \/><\/figure>\n\n\n\n<figure class=\"wp-block-image\"><img decoding=\"async\" src=\"http:\/\/www.compagniedumidi.fr\/wp-content\/uploads\/2013\/05\/photo-5b4.jpg\" alt=\"\" class=\"wp-image-374\" width=\"NaN\" height=\"NaN\" srcset=\"https:\/\/www.compagniedumidi.fr\/wp-content\/uploads\/2013\/05\/photo-5b4.jpg 591w, https:\/\/www.compagniedumidi.fr\/wp-content\/uploads\/2013\/05\/photo-5b4-300x200.jpg 300w\" sizes=\"(max-width: 591px) 100vw, 591px\" \/><\/figure>\n\n\n\n<figure class=\"wp-block-image\"><img decoding=\"async\" src=\"http:\/\/www.compagniedumidi.fr\/wp-content\/uploads\/2013\/05\/photo-6b4.jpg\" alt=\"\" class=\"wp-image-375\" width=\"NaN\" height=\"NaN\" srcset=\"https:\/\/www.compagniedumidi.fr\/wp-content\/uploads\/2013\/05\/photo-6b4.jpg 591w, https:\/\/www.compagniedumidi.fr\/wp-content\/uploads\/2013\/05\/photo-6b4-300x200.jpg 300w\" sizes=\"(max-width: 591px) 100vw, 591px\" \/><\/figure>\n\n\n\n<figure class=\"wp-block-image\"><img decoding=\"async\" src=\"http:\/\/www.compagniedumidi.fr\/wp-content\/uploads\/2013\/05\/photo-7b3.jpg\" alt=\"\" class=\"wp-image-376\" width=\"NaN\" height=\"NaN\" srcset=\"https:\/\/www.compagniedumidi.fr\/wp-content\/uploads\/2013\/05\/photo-7b3.jpg 591w, https:\/\/www.compagniedumidi.fr\/wp-content\/uploads\/2013\/05\/photo-7b3-300x200.jpg 300w\" sizes=\"(max-width: 591px) 100vw, 591px\" \/><\/figure>\n\n\n\n<figure class=\"wp-block-image\"><img decoding=\"async\" src=\"http:\/\/www.compagniedumidi.fr\/wp-content\/uploads\/2013\/05\/photo-8b4.jpg\" alt=\"\" class=\"wp-image-377\" width=\"NaN\" height=\"NaN\" srcset=\"https:\/\/www.compagniedumidi.fr\/wp-content\/uploads\/2013\/05\/photo-8b4.jpg 472w, https:\/\/www.compagniedumidi.fr\/wp-content\/uploads\/2013\/05\/photo-8b4-204x300.jpg 204w\" sizes=\"(max-width: 472px) 100vw, 472px\" \/><\/figure>\n<\/div>\n<\/div>\n\n\n\n<h2 class=\"wp-block-heading\"><strong>T\u00e9l\u00e9charger le dossier de Courtes&nbsp;:&nbsp;<a href=\"http:\/\/www.compagniedumidi.fr\/?page_id=988\">cliquer ici<\/a><br><\/strong><\/h2>\n\n\n\n<h2 class=\"wp-block-heading\"><strong>T\u00e9l\u00e9charger la fiche technique de Courtes : <a href=\"http:\/\/www.compagniedumidi.fr\/pdf\/fiche_technique_courtes.pdf\">cliquer ici<\/a><\/strong><\/h2>\n\n\n<p><!--StartFragment--><\/p>\n<p><!--EndFragment--><\/p>","protected":false},"excerpt":{"rendered":"<p>de Jean-Claude Grumberg Style : Montage de pi\u00e8ces courtes issues des recueils Les Courtes et Sortie de Th\u00e9\u00e2tre. Histoire : Une vie de On ouvre le spectacle ; elle plante les fondations, elle parle de la vie d\u2019un homme \u00ab\u00a0class\u00e9\u00a0\u00bb, &hellip; <a href=\"https:\/\/www.compagniedumidi.fr\/?page_id=67\">Continuer la lecture <span class=\"meta-nav\">&rarr;<\/span><\/a><\/p>\n","protected":false},"author":1,"featured_media":369,"parent":53,"menu_order":3,"comment_status":"closed","ping_status":"closed","template":"","meta":{"footnotes":""},"class_list":["post-67","page","type-page","status-publish","has-post-thumbnail","hentry"],"_links":{"self":[{"href":"https:\/\/www.compagniedumidi.fr\/index.php?rest_route=\/wp\/v2\/pages\/67","targetHints":{"allow":["GET"]}}],"collection":[{"href":"https:\/\/www.compagniedumidi.fr\/index.php?rest_route=\/wp\/v2\/pages"}],"about":[{"href":"https:\/\/www.compagniedumidi.fr\/index.php?rest_route=\/wp\/v2\/types\/page"}],"author":[{"embeddable":true,"href":"https:\/\/www.compagniedumidi.fr\/index.php?rest_route=\/wp\/v2\/users\/1"}],"replies":[{"embeddable":true,"href":"https:\/\/www.compagniedumidi.fr\/index.php?rest_route=%2Fwp%2Fv2%2Fcomments&post=67"}],"version-history":[{"count":12,"href":"https:\/\/www.compagniedumidi.fr\/index.php?rest_route=\/wp\/v2\/pages\/67\/revisions"}],"predecessor-version":[{"id":2118,"href":"https:\/\/www.compagniedumidi.fr\/index.php?rest_route=\/wp\/v2\/pages\/67\/revisions\/2118"}],"up":[{"embeddable":true,"href":"https:\/\/www.compagniedumidi.fr\/index.php?rest_route=\/wp\/v2\/pages\/53"}],"wp:featuredmedia":[{"embeddable":true,"href":"https:\/\/www.compagniedumidi.fr\/index.php?rest_route=\/wp\/v2\/media\/369"}],"wp:attachment":[{"href":"https:\/\/www.compagniedumidi.fr\/index.php?rest_route=%2Fwp%2Fv2%2Fmedia&parent=67"}],"curies":[{"name":"wp","href":"https:\/\/api.w.org\/{rel}","templated":true}]}}